 -72 = -2*m + 2*r. Suppose -10 - m = -4*j. What is the greatest common divisor of j and 99?
11
Let x be ((-16)/8)/((-1)/9). Calculate the greatest common divisor of x and 12.
6
Suppose 0 = k - 79 + 14. Calculate the highest common divisor of 26 and k.
13
Suppose h + 153 = 2*y, -3*y + 234 = 2*h + h. Let q(l) = -2*l - l + 3*l + l + 3. Let v be q(4). What is the greatest common factor of v and y?
7
Suppose 5*l + 7 = 17. Suppose -2 = -5*v - 4*f - 12, 5*f + 31 = 3*v. Let y be v/((-216)/(-105) - l). Calculate the greatest common factor of y and 7.
7
Let h = -94 - -112. Calculate the highest common divisor of 6 and h.
6
Let c(k) = k + 7. Let l(s) = 2*s + 14. Let g(x) = -11*c(x) + 6*l(x). Let o be g(5). What is the greatest common factor of 12 and o?
12
Suppose 0 = 2*f + 4*w - 128, f - 5*w - 35 = 36. What is the greatest common factor of 6 and f?
6
Let z(g) = 10*g - 6. Let q be z(4). Suppose -2 = 4*j - q. What is the highest common factor of 24 and j?
8
Suppose 0 = -5*q + q + 300. Let k = 0 - -25. Calculate the greatest common factor of k and q.
25
Let h = 145 + -76. Suppose h = 5*r + 2*z, -2*z - 46 = -4*r + z. What is the highest common divisor of 143 and r?
13
Let j be 12/(-18) - 287/(-3). Calculate the greatest common factor of 19 and j.
19
Let p be (8 + 0 + -1)/1. Calculate the highest common divisor of p and 49.
7
Let b be (-12)/(6/(-2)) + 15. What is the greatest common divisor of b and 19?
19
Let q(k) be the second derivative of k**5/20 + k**4/6 - k**3/2 + k**2/2 - 2*k. Let j be q(2). Calculate the greatest common factor of 88 and j.
11
Suppose -4 = -3*a - a. Let s = 7 - a. What is the highest common factor of 4 and s?
2
Let l(u) = -u**3 + u**2 - 3*u - 2. Suppose 3*z + 4 = -8. Let j be l(z). Calculate the greatest common factor of j and 10.
10
Let m(s) = 3*s + 0*s + 3 - 2*s - 1. Let v be m(7). Let p(g) = g + 3. Let j be p(3). Calculate the highest common factor of v and j.
3
Let s be (-1)/((-3)/(-19 + 1)). Let v = -4 - s. What is the greatest common factor of v and 10?
2
Suppose -2 = -4*v + 6. Calculate the greatest common divisor of 24 and v.
2
Let s(j) = -2*j - 8. Let o be s(-13). Calculate the greatest common divisor of 9 and o.
9
Suppose -14 = 3*x - 2*x - 5*u, x - 3*u = -6. Calculate the highest common factor of x and 42.
6
Let v = -46 - -100. Calculate the greatest common divisor of 9 and v.
9
Suppose -38*l = -34*l - 80. Calculate the highest common factor of 120 and l.
20
Let z be (2 - 1 - 0)*-2. Let y be z*(-2 - (-18)/4). Let s be 164/10 - (-2)/y. What is the highest common factor of 80 and s?
16
Suppose -22 - 38 = -6*l. What is the greatest common factor of 5 and l?
5
Let n(d) = -d**3 + 2*d**2 + 3*d. Let j be n(3). Let g be 3 - -18*(1 - j). What is the highest common divisor of g and 3?
3
Let q(f) = -f**3 + 5*f**2 + 7*f - 5. Suppose 5*h - 17 = -2*d + 3, 5*d + 25 = 0. Let y be q(h). Calculate the greatest common divisor of 3 and y.
1
Let a(w) = -w**3 + 8*w**2 + 9*w - 5. Let c be a(9). Let r = 2 + c. Let t be -6*((r - -2) + 0). Calculate the highest common divisor of 12 and t.
6
Let q be (6/8)/((-5)/(-840)). What is the greatest common factor of 14 and q?
14
Suppose -4*a + 55 = -89. What is the greatest common factor of 4 and a?
4
Let v be (170/(-4))/(-5)*2. Suppose 3*p - v = -2. Let b = 43 + -18. Calculate the greatest common factor of b and p.
5
Let q be (-4)/(-2) - (-1 - 116). Suppose 195 = 5*n + 3*l, n - 2*l - 13 - 39 = 0. Let w = q - n. What is the greatest common factor of 7 and w?
7
Let r = 202 - 90. Calculate the highest common factor of 280 and r.
56
Suppose 84 = 4*z - 2*z. Suppose -3*i = 5*c - 22, 3*i = 2*c - 0*c + 29. Suppose 2*f - i = 19. Calculate the highest common factor of f and z.
14
Let k(a) = 3*a + 7. Let f = 15 - 10. Let n be k(f). Let h be -3*(n/3)/(-1). What is the highest common divisor of h and 11?
11
Let o(q) = 8*q**2 + 5*q - 3. Let u(d) = 7*d**2 + 4*d - 2. Let p(w) = -6*o(w) + 7*u(w). Let b be p(3). What is the greatest common factor of b and 56?
7
Let x be (-42)/(-8) + (-9)/(-12). Suppose i + 2*i = -4*b + 38, 4*i + b - 68 = 0. Calculate the greatest common divisor of x and i.
6
Let x = 5 + -1. Suppose -3*p - 6*p + 396 = 0. What is the highest common factor of x and p?
4
Let p be 88/33*(-18)/8. Let o = p - -22. Suppose l - 528 = -2*l. What is the greatest common factor of l and o?
16
Suppose 2*w + 3*w - 30 = 0. Let c(s) = -s - 9. Let x be c(-11). What is the greatest common divisor of w and x?
2
Let v(x) = x**3 + x**2 + x + 18. Let w be v(0). Suppose -2*f - 5*j + 65 = 0, 0 = -f - 0*j - j + 40. What is the highest common factor of w and f?
9
Suppose -3*w + 1 = -2, -3*y + 4*w = -887. Calculate the greatest common divisor of y and 33.
33
Suppose -l - 2*h = -3, l - 4*h = -7*h + 2. Let x be (-4)/(-8)*(0 - 16). Let g = -3 - x. Calculate the greatest common factor of g and l.
5
Let p be 5/((-15)/(-216))*1. What is the highest common divisor of p and 48?
24
Let u = -100 - -103. What is the highest common factor of 24 and u?
3
Suppose -11*h = -4*h - 7. What is the greatest common divisor of h and 2?
1
Let d be (-1)/4 - (-294)/24. Suppose 3*g - 2*g + d = -4*t, 5*t = g - 15. Suppose 2*o - 2 - 38 = g. What is the greatest common factor of 50 and o?
10
Let f be (3 - (-44)/(-16))*52. Let c(o) = -92*o**3 + 2*o + 1. Let h be c(-1). What is the greatest common divisor of h and f?
13
Suppose 3*y + 2*s = 4*y + 1, -3*y - s = -18. Suppose 59 = y*v - 91. Calculate the greatest common divisor of v and 12.
6
Suppose 0 = 3*x - 2*x - 234. Let u = 3 - -1. Suppose 2*p - u*p = -3*f + 88, -4*p + 84 = 4*f. Calculate the greatest common factor of f and x.
26
Let u = 51 + -25. What is the greatest common divisor of u and 286?
26
Suppose -t - 32 = 3*w - 7, 0 = 2*t - 3*w + 23. Let o = t - -30. Suppose -4*z + o + 130 = 0. Calculate the greatest common factor of 90 and z.
18
Suppose 0*s + 224 = 2*s. Calculate the greatest common divisor of s and 14.
14
Let t be 1/(-2) + 1506/12. Calculate the highest common factor of t and 50.
25
Let a = 29 - 6. Suppose -2*t = -7 + a. Let i = t - -13. What is the greatest common divisor of 5 and i?
5
Let o be (-87)/(-7) + 4/((-112)/12). Calculate the greatest common divisor of o and 16.
4
Let j be 2216/10 - 78/130. What is the highest common factor of j and 13?
13
Suppose 5*f + 4 = m - 1, m - 12 = -2*f. Suppose -5*p + 5 = m. Let d be p/(-1) - (-25 - -2). What is the highest common divisor of 8 and d?
8
Let t = 100 + -219. Let m = -167 - t. Let h be ((-3)/(-4))/((-3)/m). Calculate the highest common divisor of 30 and h.
6
Let y be (1/3)/(8/(-5784)). Let t = y + 439. What is the highest common divisor of t and 18?
18
Suppose 0*o = -16*o + 928. What is the highest common factor of 232 and o?
58
Suppose -6*i + 54 = -3*i. Let r = i - -10. Calculate the highest common divisor of 7 and r.
7
Let s = -1 + 3. Suppose a = -4*x + 27 + 18, 3*x = s*a - 90. What is the greatest common divisor of a and 30?
15
Suppose 3*u + w = 2*w + 67, -12 = 3*w. Let j = u - 16. What is the highest common divisor of 5 and j?
5
Let b = 3 + -6. Let s(y) = -y**2 + 3. Let k be s(b). Let f be (10/k)/((-3)/9). What is the greatest common factor of 40 and f?
5
Let v = 7 + 15. Calculate the greatest common factor of 176 and v.
22
Let y = 25 - 14. What is the highest common divisor of 11 and y?
11
Suppose 23 = 5*b - 3*m, 5*m - m - 12 = -4*b. Let s be (-41)/(-4) - b/16. Calculate the greatest common factor of 40 and s.
10
Let t = -18 + 29. Let h = t + -8. Let n be 3 - 5 - (-70)/2. What is the greatest common factor of h and n?
3
Let c = 45 - 25. Calculate the highest common divisor of 180 and c.
20
Let i be (-662)/(-3)*(-3)/(-2). Suppose -i = -5*n + 119. Calculate the greatest common factor of n and 18.
18
Suppose 0 = 4*u + u - 20. Calculate the greatest common divisor of 4 and u.
4
Let l(p) = -p**2 - 6*p - 2. Let k be l(-5). Suppose 0 = -3*w + 12, k*s = 3*w + 144 - 12. Calculate the highest common factor of s and 32.
16
Let q be (4 + -1)/((-6)/(-8)). Let l(j) = 3*j - 4*j**2 - 7 - 5*j**3 + 9*j**2 + q*j**3. Let v be l(5). What is the highest common divisor of 4 and v?
4
Suppose l = c - 4*l + 8, 5*c + 4*l = 18. Suppose 4*n - p + 1 + 2 = 0, 3*p - 9 = -n. Suppose -2*f + 8 + 0 = n. What is the highest common factor of c and f?
2
Suppose -5*y + 254 = 2*x, 0 